 - -742?
7aa
In base 15, what is -20 - 19d85?
-19da5
In base 12, what is -47 - 140?
-187
In base 13, what is -1c - -299a?
297b
In base 16, what is -3f2 - a0?
-492
In base 5, what is 14313 + -11?
14302
In base 3, what is -2012011101211 - 12?
-2012011102000
In base 16, what is 0 + 6822?
6822
In base 16, what is -5 - 2115?
-211a
In base 15, what is -8 + -1d4c9?
-1d4d2
In base 6, what is 402402 + -1?
402401
In base 6, what is 1101412 + 1?
1101413
In base 15, what is -196e - 8?
-1977
In base 7, what is 111 + 210336?
210450
In base 14, what is -5 + -17b39a?
-17b3a1
In base 3, what is -11 - -202201001?
202200220
In base 15, what is a - 19e5?
-19da
In base 7, what is 1612 - 3311?
-1366
In base 5, what is 3020423 + 10?
3020433
In base 3, what is 11212001 + -22100?
11112201
In base 13, what is b + -5a310?
-5a302
In base 9, what is 4227 - -20?
4247
In base 11, what is 2 + 670a?
6711
In base 11, what is -6 + 100a38?
100a32
In base 15, what is -309 + d?
-2eb
In base 16, what is -37a - 20?
-39a
In base 10, what is 43 - 195?
-152
In base 4, what is 23223123 - -11?
23223200
In base 7, what is 36 + -105?
-36
In base 11, what is -563 - 132?
-695
In base 4, what is -1331321302 + 1?
-1331321301
In base 9, what is -167 + -30482?
-30660
In base 9, what is 25 - 26628?
-26603
In base 16, what is -45 + 19b4?
196f
In base 16, what is -9 + -280ea?
-280f3
In base 15, what is -6b4b6 + 5?
-6b4b1
In base 6, what is 4 + 13154?
13202
In base 12, what is 14 + 7753?
7767
In base 14, what is -b - -7023?
7016
In base 2, what is -10000010101010010 - 1?
-10000010101010011
In base 10, what is 2884 - 103?
2781
In base 5, what is 0 - -110213243?
110213243
In base 11, what is 4 + -9209?
-9205
In base 13, what is 1453 + -9?
1447
In base 10, what is 280 + 52?
332
In base 9, what is 66 - -583?
660
In base 4, what is -11 - 10003310?
-10003321
In base 9, what is -10 - -51816?
51806
In base 4, what is -323 - -13301?
12312
In base 10, what is 1 + -11577?
-11576
In base 3, what is 12 + 1021111100?
1021111112
In base 3, what is 11 - -20012112?
20012200
In base 16, what is -b0b - -8d?
-a7e
In base 11, what is 65 - -699?
753
In base 8, what is 4777 + 33?
5032
In base 6, what is -113455 + 2?
-113453
In base 9, what is -272 - -143?
-128
In base 14, what is -307b - -2?
-3079
In base 9, what is -12 + 3642?
3630
In base 9, what is -620 + 45?
-564
In base 15, what is -13a - -1654?
1519
In base 14, what is 38 - -3aa?
404
In base 9, what is 22230 + 11?
22241
In base 10, what is -4 + 15981?
15977
In base 15, what is 7e638 + -4?
7e634
In base 16, what is -51e3 + -1?
-51e4
In base 15, what is 13 - 416?
-403
In base 12, what is -4 + 481a2?
4819a
In base 7, what is 5256 - 1362?
3564
In base 9, what is -11 - 33138?
-33150
In base 13, what is 3 - -8999?
899c
In base 7, what is -51335 + 3?
-51332
In base 5, what is -110300 - 22?
-110322
In base 15, what is 2 + 8e5?
8e7
In base 15, what is -9b - 197?
-243
In base 10, what is 4726 + 418?
5144
In base 6, what is -313134503 + -4?
-313134511
In base 10, what is -1 + 1223867?
1223866
In base 8, what is -33 + 12?
-21
In base 13, what is -3 - 13523?
-13526
In base 3, what is 1200110 + 2?
1200112
In base 13, what is -25 + -1754c?
-17574
In base 6, what is -4 + -1453042?
-1453050
In base 15, what is 14c9 + 361?
183a
In base 5, what is 0 + -422030?
-422030
In base 15, what is -2ac - 59?
-316
In base 9, what is -5 + 41481?
41475
In base 11, what is -2181 + 116?
-2066
In base 7, what is -62 + -20110?
-20202
In base 3, what is 101202022 - 11?
101202011
In base 16, what is -7 - 1820?
-1827
In base 6, what is -3 + -2510?
-2513
In base 4, what is -3112233221 + -10?
-3112233231
In base 13, what is 0 - 45a38?
-45a38
In base 10, what is 3750 + -12?
3738
In base 11, what is 879 - -2a47?
3815
In base 8, what is -56 - 75620?
-75676
In base 4, what is -213231021 - -21?
-213231000
In base 11, what is 7138 - -132?
726a
In base 13, what is 1b + 516?
534
In base 10, what is -5 - 736250?
-736255
In base 3, what is -10111212002 - 11?
-10111212020
In base 5, what is 0 - 100402?
-100402
In base 12, what is -50103 - 3?
-50106
In base 5, what is 10 - -13431220?
13431230
In base 8, what is 0 + 36056?
36056
In base 10, what is -6 + 25291?
25285
In base 14, what is 2d10 + -14?
2cda
In base 3, what is -110110 + 2122?
-100211
In base 5, what is 0 + 23140?
23140
In base 10, what is -37 - -771?
734
In base 14, what is 0 + 15db80?
15db80
In base 15, what is 2 + -14cc5?
-14cc3
In base 13, what is 22 + -29326?
-29304
In base 10, what is -48364 - -1?
-48363
In base 5, what is 2 - -322330?
322332
In base 6, what is -2040142 - 5?
-2040151
In base 12, what is -4 + -19a93a?
-19a942
In base 8, what is -367310 - 10?
-367320
In base 10, what is 37762 - -7?
37769
In base 8, what is -2016 - -26?
-1770
In base 6, what is 1221 + 2121?
3342
In base 10, what is -3 - 1026924?
-1026927
In base 5, what is -1 - 104103?
-104104
In base 16, what is -16 - 15a2?
-15b8
In base 16, what is 23068 - f?
23059
In base 10, what is -19 - -220646?
220627
In base 10, what is 5459 - 8?
5451
In base 7, what is 30 - 2050?
-2020
In base 13, what is 27710 + -4?
27709
In base 5, what is -141 + 100010?
44314
In base 7, what is -1055405 - -1?
-1055404
In base 3, what is 2022121 + 1001011?
10100202
In base 10, what is -334 - -158?
-176
In base 2, what is 10 - 10100001?
-10011111
In base 13, what is 1454 + -1a?
1437
In base 15, what is -463636 + 3?
-463633
In base 14, what is -1535 - -23?
-1512
In base 14, what is 0 - 9c31?
-9c31
In base 8, what is -17660 + -4?
-17664
In base 2, what is 110011101111000110011 - 10?
110011101111000110001
In base 13, what is 3 - 90755?
-90752
In base 14, what is 14c - 290?
-142
In base 9, what is 28431 + -100?
28331
In base 8, what is -222 - 1233?
-1455
In base 9, what is 20 + 277165?
277185
In base 10, what is -24 + -3701?
-3725
In base 15, what is 3 - 2dc2?
-2dbe
In base 14, what is 73c + -69?
6b3
In base 3, what is 10210121 + 101?
10210222
In base 4, what is -320013 + 2022?
-311331
In base 4, what is 2 - -3330222?
3330230
In base 3, what is 12002110210 - -11?
12002110221
In base 12, what is -9b43 + 44?
-9abb
In base 8, what is -4 - 57465?
-57471
In base 16, what is 1f72 - 3?
1f6f
In base 4, what is 11 + -10301232?
-10301221
In base 12, what is 0 - 20369?
-20369
In base 14, what is 166 + 7a?
202
In base 9, what is 546278 - 3?
546275
In base 14, what is -b + -131b?
-1328
In base 8, what is 25345 + -270?
25055
In base 2, what is -10110000100001110 + 10?
-10110000100001100
In base 16, what is 2ff1 - 9?
2fe8
In base 6, what is 2543 + 13?
3000
In base 13, what is 197 - -7c6?
990
In base 7, what is -11 - 1225?
-1236
In base 15, what is -9d5 - 22a?
-c10
In base 8, what is -1 + -202453?
-202454
In base 3, what is 1 + 1002121120?
1002121121
In base 4, what is -2132 + 221?
-1311
In base 6, what is -2043 + -120?
-2203
In base 4, what is 20 - 101210301?
-101210221
In base 2, what is 11001000001 - 101?
11000111100
In base 10, what is -1811 + -128?
-1939
In base 11, what is -18768 + -a?
-18777
In base 5, what is -12 - -423011?
422444
In base 8, what is 5 + -654472?
-654465
In base 8, what is 12643433 - 1?
12643432
In base 4, what is 1113021 + 12?
1113033
In base 3, what is -10212121 + -12200?
-11002021
In base 16, what is -1db5f + -3?
-1db62
In base 14, what is da4 + 17d?
1143
In base 8, what is -21 - 41615?
-41636
In base 9, what is 5 + -53648?
-53643
In base 14, what is -14109 - 1b?
-14126
In base 2, what is -110011110 - 1101110001?
-10100001111
In base 3, what is -10022110202 + -12?
-10022110221
In base 14, what is 105b40 - 0?
105b40
In base 11, what is 56 - 56?
0
In base 15, what is 4ec1 - a?
4eb6
In base 8, what is 133 - 1136?
-1003
In base 14, what is -4d79 + 3?
-4d76
In base 5, what is -14442104 - 10?
-14442114
In base 5, what is 1 + -122230134?
-122230133
In base 9, what is -18703 - 5?
-18708
In base 11, what is 2a2 - 127?
176
In base 2, what is -1011 + 11000000001000?
10111111111101
In base 7, what is -1 - 64561?
-64562
In base 6, what is 55240 - 121?
55115
In base 14, what is 56c + -3?
569
In base 8, what is 1 + -26764?
-26763
In base 13, what is -2a + -41?
-6b
In base 6, what is -22 - -1115040?
1115014
In base 8, what is -45641 - -31?
-45610
In base 7, what is -1 - -56334?
56333
In base 3, what is -202212100 + -